to base 16
91c3
-13553233 (base 6) to base 15
-93120
What is 2a5793 (base 12) in base 3?
1100022111110
Convert -364772 (base 10) to base 5.
-43133042
Convert -1111111000010000110 (base 2) to base 13.
-152ab1
What is -343340 (base 8) in base 7?
-663333
Convert 23b (base 16) to base 12.
3b7
What is 212112000 (base 5) in base 7?
10414144
What is -110100010110001001 (base 2) in base 8?
-642611
Convert a7907 (base 13) to base 7.
2366655
Convert 30123132 (base 4) to base 13.
1a232
Convert 74262724 (base 8) to base 9.
32682258
Convert -13646 (base 13) to base 15.
-aaee
Convert -e175 (base 15) to base 5.
-3010320
Convert 51188a3 (base 11) to base 12.
304260a
What is 59746 (base 11) in base 14?
23529
Convert 43435545 (base 6) to base 5.
312432433
210102200 (base 3) to base 15
4969
What is 3254043 (base 6) in base 11?
101423
68232 (base 9) to base 13
17876
9da1 (base 14) to base 7
142561
What is 2457260 (base 10) in base 3?
11121211201122
747567 (base 9) to base 12
195744
Convert -11201001011 (base 3) to base 11.
-63645
-135574 (base 10) to base 6
-2523354
Convert 569d8 (base 15) to base 16.
43493
Convert -17378 (base 14) to base 6.
-1125554
-46726 (base 11) to base 12
-33029
-265ac (base 15) to base 13
-43b72
What is eb973a (base 15) in base 5?
10333021010
What is 3267522 (base 8) in base 13?
24a9b2
10010111012022 (base 3) to base 9
3114168
-150712 (base 9) to base 5
-10424212
Convert 102407 (base 13) to base 12.
161982
Convert -4283a62 (base 12) to base 13.
-27c8720
-50a25 (base 14) to base 15
-3c783
Convert db9cd (base 16) to base 4.
3123213031
What is -6253317 (base 8) in base 5?
-411114443
Convert -3cad8 (base 15) to base 6.
-4101552
-a9094 (base 14) to base 9
-683018
681bb (base 12) to base 14
386ab
Convert -7c607 (base 15) to base 7.
-3240124
Convert 100120211001010 (base 3) to base 13.
109498b
3424341 (base 5) to base 12
2b519
What is -4ade66 (base 16) in base 11?
-2851444
What is -2201110203 (base 5) in base 8?
-21751160
Convert 97b83 (base 13) to base 16.
42fda
What is 4646641 (base 7) in base 4?
2032123333
Convert 539d (base 15) to base 4.
10110202
Convert 750265 (base 16) to base 2.
11101010000001001100101
32544023 (base 6) to base 8
3566217
Convert d7427 (base 14) to base 2.
1111110110100001011
What is 210323300 (base 4) in base 9?
250458
What is -186a1 (base 14) in base 7?
-344561
What is 201202222101022 (base 3) in base 7?
155223122
What is 645471 (base 12) in base 10?
1585237
4424422 (base 5) to base 2
10010110000111110
What is 14365a (base 15) in base 12?
3ab3b7
Convert 253022 (base 6) to base 2.
101100010100110
Convert 2341391 (base 11) to base 2.
1111100101101101101001
-23412614 (base 8) to base 4
-103201112030
-167708 (base 10) to base 16
-28f1c
-444ab (base 12) to base 3
-11121020012
1104212 (base 6) to base 4
31201100
Convert 61123233 (base 7) to base 13.
108c006
192484b (base 13) to base 15
aca366
What is -69540 (base 15) in base 14?
-8a2aa
-311523 (base 10) to base 3
-120211022220
-110001000100100 (base 2) to base 8
-61044
2413767 (base 12) to base 7
113310361
1457594 (base 12) to base 16
3e8780
Convert -45f108 (base 16) to base 15.
-6081e3
What is -d6582 (base 15) in base 9?
-1245235
What is -63565140 (base 8) in base 12?
-465b568
1830192 (base 12) to base 9
10430312
40e3e9 (base 15) to base 11
1818321
-1c1398 (base 13) to base 8
-2570066
-16505135 (base 7) to base 4
-12022112132
Convert 12122030 (base 4) to base 6.
321312
Convert -4143214441 (base 5) to base 15.
-b443d1
What is -414443 (base 15) in base 7?
-35241306
Convert -24033004 (base 5) to base 8.
-657514
-420360 (base 7) to base 16
-11a1b
What is -51656205 (base 8) in base 13?
-2370476
118444 (base 13) to base 12
181baa
What is -202243334 (base 5) in base 13?
-22a032
-235201 (base 15) to base 2
-110011100000110001111
Convert 13742502 (base 8) to base 2.
1011111100010101000010
Convert 149543 (base 10) to base 6.
3112155
What is -13765390 (base 10) in base 4?
-310200230032
Convert -a86837 (base 13) to base 10.
-3955998
Convert -2321202303 (base 5) to base 11.
-2a70388
What is -36721136 (base 9) in base 8?
-104417475
Convert 723193 (base 13) to base 5.
1140204203
-276aa1 (base 13) to base 10
-957516
Convert -332863 (base 9) to base 3.
-101002222010
What is -324020310 (base 5) in base 16?
-153d53
Convert 3310113013 (base 5) to base 12.
2470744
Convert 2175305 (base 8) to base 13.
177b21
c8e70 (base 15) to base 3
1012101211120
Convert 11353867 (base 9) to base 6.
314245054
What is -6661876 (base 9) in base 12?
-1249b20
Convert 110100101110100011 (base 2) to base 8.
645643
What is 152203045 (base 6) in base 16?
30a865
-3ab9e3 (base 15) to base 2
-1010110001011000111010
222163 (base 7) to base 2
1001100100011100
What is 3b4343 (base 15) in base 7?
33134550
2301515 (base 8) to base 15
c4ac7
Convert -51334 (base 10) to base 8.
-144206
What is -32666400 (base 7) in base 8?
-12612405
What is 51a57 (base 13) in base 10?
146764
What is 44022104 (base 5) in base 13?
1024ca
What is 4275311 (base 9) in base 15?
304927
What is -2001213311 (base 4) in base 6?
-15214005
-49d20 (base 15) to base 4
-321210312
Convert -29bcad (base 14) to base 10.
-1454081
What is 120221000 (base 4) in base 14?
28ad2
4780381 (base 9) to base 5
1130420121
Convert 1505545 (base 8) to base 12.
188259
-12202304 (base 7) to base 8
-4127254
What is -37c5 (base 13) in base 2?
-1111011111111
1604131 (base 7) to base 8
655436
-24680058 (base 9) to base 8
-56115751
411a0 (base 13) to base 5
12213430
596b5 (base 14) to base 15
4495b
Convert 173244 (base 8) to base 10.
63140
Convert 390454 (base 12) to base 8.
3437600
Convert 3005120 (base 7) to base 11.
222568
What is -10011101221110 (base 3) in base 11?
-a48a91
5cc3dc (base 15) to base 5
2114231012
What is -2044332230 (base 5) in base 4?
-100120003033
Convert -100215355 (base 6) to base 16.
-19e797
Convert -42b12 (base 13) to base 8.
-353300
-2172024 (base 9) to base 15
-18170d
16433226 (base 7) to base 8
6076627
-16ac22 (base 14) to base 3
-1111112211211
1142053005 (base 6) to base 14
1a1b5a5
Convert 1101101110111111110101 (base 2) to base 15.
4b1b9d
What is 66551335 (base 8) in base 14?
1c9436d
What is dd6b15 (base 15) in base 10?
10552745
Convert -1220330230 (base 4) to base 8.
-1507454
What is 645453 (base 7) in base 6?
2224203
Convert -2cfe83 (base 16) to base 4.
-23033322003
Convert -1001111001111110110 (base 2) to base 5.
-40341343
What is 1d7cd6 (base 14) in base 12?
430a04
-10131333132 (base 4) to base 10
-1171422
Convert 21321222 (base 4) to base 7.
226143
Convert 89738b (base 12) to base 16.
216a5b
Convert -1344624 (base 8) to base 14.
-9c31a
Convert 1011022121100 (base 3) to base 7.
5145135
Convert 400116 (base 7) to base 16.
106da
What is 442422 (base 7) in base 10?
77730
-16310200 (base 8) to base 3
-21002122221212
What is -179990 (base 10) in base 15?
-384e5
-4331113 (base 5) to base 12
-36930
-13130122222 (base 4) to base 3
-10200010211011
-7c77 (base 14) to base 12
-10655
-11003140231 (base 5) to base 9
-24131180
Convert 216542244 (base 7) to base 3.
220202021012110
-4ceb10 (base 15) to base 11
-20a3a05
Convert 7273104 (base 9) to base 10.
3886384
Convert 6664423 (base 7) to base 10.
822727
-1726a26 (base 11) to base 3
-12112020101111
What is -29868 (base 12) in base 10?
-58256
What is 174a488 (base 11) in base 6?
143404204
Convert -4c96c5 (base 13) to base 6.
-103343300
Convert -32717 (base 10) to base 3.
-1122212202
Convert -1002100211 (base 4) to base 11.
-1759a5
Convert 10000111101110000101110 (base 2) to base 5.
2114303103
35151352 (base 6) to base 15
167435
-31300110003 (base 4) to base 2
-1101110000010100000011
Convert -288094c (base 13) to base 5.
-11242312120
Convert 12013223023 (base 4) to base 11.
9a6374
-1246316 (base 7) to base 8
-476415
Convert 1011233013 (base 4) to base 6.
10042223
Convert -316155 (base 9) to base 11.
-119453
-111223122 (base 4) to base 8
-255332
1001220000 (base 4) to base 9
448646
What is -1112221012212 (base 3) in base 15?
-11485b
Convert 76644 (base 9) to base 2.
1100011010001011
-10110022020012 (base 3) to base 8
-7002746
-6a6018 (base 13) to base 2
-1001101000110101101011
414431 (base 8) to base 14
38173
Convert 4066522 (base 7) to base 10.
487321
Convert 8b3c (base 14) to base 12.
11b96
What is 9b0c4 (base 1